 b = -209 - -258. Is b a multiple of 3?
False
Suppose -3*w - 594 = 3*s, -4*s + 827 = -8*s + 3*w. Let m = -151 - s. Does 16 divide m?
False
Suppose 396 - 41 = 2*k + v, -2*k = 3*v - 357. Suppose -7*j + 362 = -k. Is j a multiple of 26?
False
Let i(f) = -4*f + 19 + 3*f - 5. Let d be i(10). Suppose d*h = 5*o + 93, -h - h + 42 = 2*o. Is h a multiple of 16?
False
Let o(i) = -2*i**2 - 20*i - 6. Suppose -5*c - 39 = m, -6*c + c = -2*m + 42. Does 4 divide o(c)?
False
Suppose -2*p - 3*p + 70 = 0. Suppose 0 = -a - a + p. Is (-99)/(-7) - a/49 a multiple of 14?
True
Let v = -280 + 544. Is v a multiple of 18?
False
Suppose -5*v - 33 = 4*z - 8, -5*z + 2*v + 10 = 0. Does 17 divide ((-24)/(-15) + z)/(10/425)?
True
Let r = -12 - -15. Suppose 4*i = 5*b + 5, -7*i + r*i = -20. Suppose -4*z + 0*z + 101 = -b*s, 4*z + 3*s - 131 = 0. Is z a multiple of 12?
False
Suppose 100*s = 17*s + 293488. Does 88 divide s?
False
Suppose 330 = 3*w - 210. Suppose -w = -5*b - 2*p, -3*b + 187 - 53 = -4*p. Suppose -o + 12 = -b. Is 11 a factor of o?
False
Let d be 4/14 + (-16)/56. Let z be 3 + d + (-1)/(-1). Does 2 divide 8 - 12/z - -1?
True
Suppose 4*x + 4*k = x - 24, -3*x - 18 = 2*k. Does 28 divide 194 + 3 - (2 + 4/x)?
True
Let u(s) = -s**2 - 3*s - 2. Let c be u(-2). Suppose c = t - 4*h - 110, 275 = 2*t + t - h. Is 10 a factor of t?
True
Let h(l) = -2*l**3 - 7*l**2 + l + 6. Is 18 a factor of h(-7)?
True
Does 98 divide ((-692)/(-3) - 2)*828/92?
True
Suppose 0 = 4*u - 5*m - 710, 9*u - 14*u = -m - 898. Is 9 a factor of u?
True
Let m be (5 + -4)/((-2)/282). Let y = m + 241. Is 25 a factor of y?
True
Suppose -128*x + 125*x = -1842. Is 55 a factor of x?
False
Suppose -4*u + 43 = -3*u. Suppose u = m + j - 96, m + 5*j - 155 = 0. Is 41 a factor of m?
False
Suppose -22*b + 4*b + 4482 = 0. Is 4 a factor of b?
False
Let n = -22 - -27. Suppose 0 = -5*y + r - 20, 0 = -n*y + r + 4*r - 20. Does 28 divide (-111)/(-2) + y/(-8)?
True
Suppose -42*d + 50*d = 3848. Is d even?
False
Let g(b) = 2 - 16*b**3 - 1 + 0 + 2*b. Let z be g(-1). Is 455/z - (-3)/(-9) a multiple of 6?
True
Let h(z) = z**2 + 8*z - 68. Is h(12) a multiple of 15?
False
Let n = 16 + -4. Suppose -4 + 25 = -3*b. Let j = n + b. Does 5 divide j?
True
Let j(q) = -2*q - 2. Let u be j(-5). Let w = u - 6. Is w even?
True
Suppose 0 = i + 3 - 11. Let o be (6 - -4)*45/6. Does 5 divide (o/20)/(3/i)?
True
Let w = 16 - -387. Suppose 0 = -4*i - 3*u + w, -i + 2*u = 7*u - 105. Is 34 a factor of i?
False
Suppose -39*n - 3492 = -48*n. Does 33 divide n?
False
Is (-10)/(-3)*7785/10 a multiple of 15?
True
Suppose -11*b = -4*b + 609. Is 8 a factor of (-5)/(-10) - (b/6 - 1)?
True
Let i(n) = -20*n + 14. Let t be -5 - -1*(2 - 0). Does 9 divide i(t)?
False
Let x(j) = 78*j - 172. Is x(10) a multiple of 32?
True
Let x(s) = -7*s - 8. Let o be (10/(-4))/((-3)/6). Suppose -o*r + 42 = 82. Is x(r) a multiple of 12?
True
Suppose -j = -4*j + 177. Suppose 3*q + 0*q - j = -a, -a = q - 19. Is 18 a factor of ((-405)/q)/(9/(-24))?
True
Let p be (1 + 0)*70/1. Suppose 7*q - 161 = p. Is 11 a factor of q?
True
Let d(h) = -h + 4. Let l be d(-4). Suppose l*w = 7*w + 18. Does 6 divide w?
True
Suppose 2*i + 12 = -0. Is 7 a factor of ((-63)/3)/(i/14)?
True
Suppose 5*l - 34 - 266 = 0. Suppose 40 = 5*x - l. Does 6 divide x - (-9)/(36/16)?
True
Let i be (4/(-7))/(-2) + (-24)/(-14). Suppose -i*g + 2*j - 160 = -6*g, -4*j = 4*g - 160. Is 40 a factor of g?
True
Suppose -12 = -c - 39. Let w = 37 + c. Does 4 divide w?
False
Suppose -221 = -11*a + 4564. Let w = a + -310. Is 27 a factor of w?
False
Suppose -11 = 11*n - 1958. Let b = -147 + n. Is b a multiple of 8?
False
Suppose 5*a - 366 = 2*a. Suppose 2*s + 2*u - 152 = 0, -498 + a = -5*s - u. Is 15 a factor of s?
True
Suppose 2*s = -2 - 6. Let o(f) = f**3 + 4*f**2 - 1. Let i be o(s). Is 3 a factor of (-12 + 13)*(7 + i)?
True
Let x(j) = 13*j**2 + 4*j - 8. Let i(y) = -3*y**2 - y + 2. Let p(w) = -9*i(w) - 2*x(w). Let a be p(2). Suppose -2*b + g + 71 = -b, a*g = 0. Is 15 a factor of b?
False
Let r = 119 - 98. Let f = 75 - r. Is f a multiple of 6?
True
Suppose -20*h + 170 = -15*h. Suppose 36*b = h*b. Suppose -3*s + b = -4*o + 18, 2*o - 5*s - 2 = 0. Does 6 divide o?
True
Suppose 0 = 4*w + 5*p - 31, 0 = -6*p + p + 15. Suppose 21 = -w*z + 69. Is 5 a factor of z/(-21) - 151/(-7)?
False
Let q be ((-2)/(-7))/((-1)/(-14)). Suppose 0 = q*m - 6*m + 190. Is m a multiple of 37?
False
Let t be (1 + -1)*((-36)/8 + 4). Suppose -5*v - o + 439 = -218, -v - 2*o + 126 = t. Does 10 divide v?
False
Let u be (-4)/(-3)*(5 + -2). Suppose -3*j + 8 = 4*l - 0*j, -6 = -3*l - j. Suppose 4*q + l*g - 28 = 3*q, 2*g - 82 = -u*q. Is q a multiple of 18?
True
Suppose 0*d - 3*d = 18. Let o(v) = v**2. Let w(q) = q**3 + 8*q**2 + q - 3. Let u(h) = 3*o(h) - w(h). Is u(d) a multiple of 22?
False
Let n(r) = -69*r**3 - 2*r**2. Is n(-2) a multiple of 17?
True
Let m(t) = -t**3 + 6*t**2 + 2*t + 1. Let g = 5 - 10. Let r be m(g). Let v = r - 176. Does 23 divide v?
False
Let y be (-3 - -4)*4*19. Let g = y + -144. Let t = -46 - g. Does 19 divide t?
False
Is (-4)/7 - (-55042)/406 a multiple of 9?
True
Suppose 3*r + 5*u - 4168 + 876 = 0, 3*r - 3280 = u. Is 12 a factor of r?
False
Let f(c) be the second derivative of c**4/4 - 2*c**3/3 + 3*c**2 + 4*c. Let u be f(6). Let l = -61 + u. Is 13 a factor of l?
False
Is (-446)/6*150/(-25) - -2 a multiple of 4?
True
Let o be ((-32)/(-12))/((-3)/459). Let a = -236 - o. Is a a multiple of 43?
True
Suppose -15 = -5*x + 2*f + 3*f, 3*f + 7 = 2*x. Suppose -2*n + 2*v + 24 = 0, v = -v - x. Let a = n - -18. Is a a multiple of 17?
False
Let s(j) = j - 2. Let x be s(6). Let r be 6/x - (-101)/2. Suppose -2*n + 5*t + r = n, n - 3*t = 12. Is n a multiple of 24?
True
Suppose 2*t - 6 = -6. Suppose -12*z + 11*z + 4 = t. Does 3 divide z?
False
Suppose 7*a + 5*g - 700 = 6*a, -4*g + 696 = a. Does 8 divide a?
True
Suppose 0 = -h + 5*k + 1345, -5*h = -9*h - 5*k + 5255. Is 44 a factor of h?
True
Let c be (-1 - -2)/(1/3). Let m(d) = 9*d**2 + 2*d - 3. Let h be m(c). Suppose -4*j + 112 = 4*y, j = -3*y - 0*j + h. Does 12 divide y?
False
Let m(z) = z**3 - 3*z**2 - 2*z - 2. Suppose -2*y = 4*t + 26, -2*y + 2*t = -2*t + 34. Let k = -10 - y. Is 19 a factor of m(k)?
True
Suppose 10*o = 7*o. Suppose 15 = 3*d - o*d, -5*q - 5*d = 140. Is 21 a factor of -2*21/18*q?
False
Let s = -7 - -14. Let k = -5 + s. Let n(g) = 2*g. Is 3 a factor of n(k)?
False
Let l be (18 - 15)/(3/(-20)). Is (-16)/(-20) + (-304)/l a multiple of 6?
False
Suppose -8 = -2*t - 3*y, 7*y = -4*t + 2*y + 16. Suppose 0 = -t*w + 34 + 10. Is w even?
False
Does 70 divide -4*(-230)/(-69)*(-798)/4?
True
Let a = 33 + -24. Let p = a - 11. Is p*(2 + -1 + -8) a multiple of 2?
True
Suppose -435 - 2533 = -4*r. Is r/8*1 + 5/20 a multiple of 44?
False
Let o(r) = 2*r**3 + 27*r**2 - 15*r. Let g be o(-14). Suppose y = -g + 273. Is y a multiple of 28?
False
Let b(z) = z**2 + 11*z + 26. Is 13 a factor of b(-13)?
True
Suppose 0 = 9*z - 4*z - 25. Suppose -z*u + 219 + 111 = 0. Suppose o - u + 15 = 0. Is 20 a factor of o?
False
Suppose 0 = 9*t + 1365 - 3597. Is t a multiple of 8?
True
Let f(b) = -5*b + 23. Let m be f(4). Suppose -m*i - 74 = k - 282, -4*i = 4*k - 264. Does 14 divide i?
False
Let n = -533 + 888. Is n a multiple of 10?
False
Does 5 divide (-9)/3 - (412 - 4)/(-6)?
True
Suppose 2*s = a - 74, 4*a - 5*s = -a + 365. Suppose a = 6*u - 4*u. Is u a multiple of 27?
False
Let w(s) = -2*s**3 - 2*s**2 - 2*s. Let q be w(-1). Suppose m = -b + 15, 4*b + q*m + 3*m - 55 = 0. Does 20 divide b?
True
Suppose 0 = 5*c - 3*c - 484. Is c a multiple of 11?
True
Suppose 4 + 6 = 2*i. Suppose -a + 90 = i*a. Let b = a - 6. Is 5 a factor of b?
False
Let u = -13 + 18. Let x(b) = 0 - 4*b + u + 3*b + 0*b. Is x(-7) a multiple of 12?
True
Let b(r) = -12*r. Let x be b(-1). Let c = x + 0. Is 6 a factor of c?
True
Is 16 a factor of 18/((-9)/(-24) - 0)?
True
Suppose -2*x = -4*a - 430, 5*x - x - 2*a - 884 = 0. Does 21 divide x?
False
Suppose -3*x + 530 = -1009. Does 9 divide x?
True
Let t be 5481/77 + 1 + (-13)/11. Let m = 61 - 19. Let c = t - m. Is 8 a factor of c?
False
Suppose -3*y = 2*n - 3*n + 22, y = 5*n - 26. Let r(j) = -j**3 - 7*j**2 - 2*j + 8. Let i be r(y). Let o = 10 - i. Does 19 divide o?
False
Let z = 6 + -1. Suppose -2*h + 136 = 5*p, 0 = z*p - 0*h - h - 127. Does 26 d